 (-25 - (4 - 11))?
-11
Calculate -8 + (4 + 6 + -4 - 2) + 16.
12
What is -5 - -3 - (-6 + (-10 - -10) - 3)?
7
What is the value of (25 - (-4 + 24)) + -25?
-20
What is the value of 2 + (-4 - -1) + -5 + 4?
-2
14 + (0 - 22) + -1
-9
Calculate -41 - (0 - -22 - 43).
-20
Calculate 1 + -11 + -7 + (25 - 23).
-15
What is the value of 12 - (-29 + 16 + 3)?
22
Evaluate -2 - (1 + -11 - -11) - (1 - 30).
26
What is 26 - 15 - (3 + -4 - 8)?
20
Evaluate 3 + (-13 - -1 - (24 - 33)) + -2.
-2
Calculate -1 + -3 - (-19 - -11) - (72 - 70).
2
Calculate (-10 - (-14 - -21)) + 20.
3
Calculate (3 + -18 + 8 - 0) + -1 + 9.
1
Calculate -10 - ((-14 - -28) + -23).
-1
What is (-15 + 19 - 24) + 13?
-7
-5 + -11 + (4 - -1)
-11
Evaluate 14 - (-16 - (16 - (60 - 5))).
-9
-9 + -2 + (6 + -6 + -2 - -44)
31
Evaluate 2 - (-9 - -2) - 8 - 3.
-2
What is the value of -17 - (-62 + 35 + -14)?
24
What is the value of 17 + -7 + 1 + -5 - (-17 - -12)?
11
What is the value of (-4 - (12 + -21 + -6)) + -25?
-14
What is the value of (11 + 10 + -10 - 10) + -8?
-7
Evaluate -2 + (23 - 2) + -3 - (114 - 109).
11
Evaluate (4 - 10) + (-5 + (-7 - -3) - -5).
-10
Calculate -14 + -39 + 37 - (1 + -12).
-5
What is 6 + -2 - (31 + -23 - (-1 + -12))?
-17
What is the value of -6 + (-14 - (-23 - -1))?
2
Evaluate -12 - (0 - -5 - (5 + -2 + -1)).
-15
Evaluate 28 - -34 - 35 - 10.
17
What is 4 + 0 - (-1 - ((4 - -2) + 1))?
12
What is the value of 4 + -18 - (-1 - (-7 - 1) - 7)?
-14
Calculate -5 - (-1 - (8 - 19)).
-15
-13 + 8 + (8 - -11)
14
What is 1 - (-8 + 6 + 2 - -9)?
-8
Calculate 769 + -805 - (-42 + 1).
5
Evaluate 4 + (6 - (3 - -10) - (2 + -23)).
18
9 + (-18 - -6) + 7 + (6 - -6)
16
Evaluate -9 + 13 + -1 + -2 + -16 + 6.
-9
18 - (8 - (-14 - -10) - 3)
9
(-4 - (1 - (12 - 5 - 2))) + 17
17
-36 - (-2 + -1 + -14 + 5)
-24
What is the value of (10 - 5) + -2 - (3 + 1)?
-1
Calculate (-4 - 2 - (10 + -11 - 0)) + -6.
-11
Evaluate -6 - ((-2 - -6) + -20 + 5 + -2).
7
What is the value of 17 + (11 + -12 - 24)?
-8
Evaluate 10 + -25 + -27 + 31.
-11
Calculate (1 - -14) + (8 - (9 + 1)).
13
What is the value of 7 + (-6 - -2) + -30 + 28 - 16?
-15
Evaluate -5 + -27 - (-6 - 37).
11
5 + (2 - -1 - -3) + -11 + 8
8
-11 - (-4 - ((10 - 17) + 13))
-1
What is the value of 59 + -44 + -29 + 1?
-13
Calculate 13 - (0 + 4 - (241 + -232)).
18
Evaluate 12 + (-2 - (16 - 9 - 7)).
10
What is the value of (4 - -1) + (13 + -8 - -1)?
11
Evaluate 11 + -5 + -7 + (6 - 0) + 7.
12
Calculate -5 - -33 - (17 - -3 - 12).
20
Calculate 30 + (-27 - 14) - 4.
-15
Evaluate -8 + 18 + -7 + 26.
29
What is (-9 - -6) + 11 + (3 - 1) - 6?
4
Evaluate (-8 - (-35 + 31)) + -8 + 0.
-12
(-5 - (-12 + 1)) + -8 + 0
-2
Evaluate (-1 - 5) + (-168 - -177).
3
Evaluate 0 - -20 - (40 + -27 - 4).
11
What is -12 + 30 + 9 + -36 + 0 + -11?
-20
What is -5 + 2 - (5 - (-15 + 8 - -3))?
-12
Evaluate (20 - 7) + -7 + -10 + 18 + -16.
-2
What is 12 - (-10 - -13) - -7?
16
Evaluate 11 + (2 - 18) + -1.
-6
Evaluate 8 - (-7 + 4 + -2 + 19).
-6
What is the value of (1 - (-49 - 3)) + -25?
28
Calculate 0 + 0 + (0 - ((-6 - -15) + -22)).
13
-8 + (10 - (5 + 4) - -7)
0
What is 13 - (-7 + 13 - -2)?
5
What is the value of 32 + -49 - ((2 - -1) + (0 - 11))?
-9
What is (1 - 8) + (-10 - (9 + -18)) + 4?
-4
What is the value of (29 - 7) + (-18 - 11)?
-7
Calculate -5 - (11 - (-5 - (5 - 6))).
-20
-9 + 16 - (-5 - -13)
-1
What is the value of (8 - (42 - ((-6 - -5) + 5))) + 8?
-22
1 - ((1 - -8) + -10) - 13
-11
What is the value of 8 - (2 + (2 + -5 - -15))?
-6
11 + (-24 + -4 - (25 - 33))
-9
Calculate 6 - 19 - (-13 - (-11 + -9) - 3).
-17
Calculate 412 + -400 + (-2 - -28).
38
Evaluate (-36 - 0) + 8 + 12.
-16
What is the value of -10 + -5 + -20 + 42?
7
Evaluate -8 + (-1 + -13 - -7) + 6.
-9
-74 - -25 - -19 - -55
25
What is the value of 8 - (2 - (-14 + 11)) - (15 + 0)?
-12
-4 - -9 - (5 + -3 + 0)
3
Calculate 9 - (-1 + 12 + -1 + -1).
0
Calculate 0 + -7 + 2 - 2 - (-36 + 17).
12
Evaluate (-30 + (0 - (-5 - 1)) - 8) + 4.
-28
What is the value of -12 - (15 + -17 - 4)?
-6
Evaluate 14 + (-31 - -9) - (-12 - 2).
6
Calculate 0 - (0 + -17) - (-72 + (47 - -21)).
21
Calculate 3 + (1 - -12) + -81 + 78.
13
What is the value of 89 - (53 + -14) - (2 + 17)?
31
Evaluate -10 - (8 - (-1 + (11 - 8) - -6)).
-10
Calculate (-43 - -36) + (25 - 0 - 4).
14
What is the value of 23 - (-1 - (-3 + -9))?
12
Evaluate (8 - 0) + (29 - 36 - (1 + -12)).
12
Calculate -6 - (9 + -10 - -4 - -2).
-11
(14 - (-2 + 5 - (28 + -22))) + -3
14
(1 - (7 + 3) - (-70 - -56)) + 1
6
-16 + 9 + 3 + (2 - 3) - 6
-11
(1 - -8) + (-18 + -1 - 4)
-14
What is the value of 4 + -31 - (16 - 43)?
0
-7 - (2 - -1) - (-406 + 373)
23
Evaluate -9 + -18 - -3 - (2 - 8).
-18
What is -10 + 8 + (1 - 21)?
-22
Evaluate -22 + (44 - 29) - (-1 + 17).
-23
What is the value of -1 + 4 + -3 + (-8 + 4 - -13)?
9
What is the value of 20 - (6 - 0) - (-36 - -39)?
11
10 + (7 - (-10 + (21 - 2)))
8
Evaluate -164 + 137 + (2 - -19).
-6
Calculate 8 - ((6 - 8 - 13) + 10).
13
What is 12 - (-9 - -22 - -8)?
-9
Calculate 0 + -3 + (-19 + 18 + -11 - -9).
-6
(12 - 24) + 10 + -23 - -10
-15
What is -16 + -18 + 11 + 37?
14
What is the value of -5 + (6 - 22) + 19?
-2
What is 10 - (25 + (-9 - -6)) - -7?
-5
Evaluate -43 + 25 + -7 + 14 + -3.
-14
Evaluate -1 - 0 - ((-11 - -11 - 5) + 8).
-4
What is (2 - (3 + 16)) + 48 + -45?
-14
What is -1 + 27 - (-730 - -736)?
20
Calculate 2215 - 2219 - (-11 + (-1 - -2)).
6
Calculate -10 - (-24 - -21 - (-5 + 2)).
-10
Calculate (5 - 19 - -8) + (-3 - -1).
-8
Evaluate 3 + (3 - -2 - 10) + -7.
-9
Calculate (-3 - -20 - (41 + -24)) + (-17 - -1).
-16
What is -35 + 30 + 5 + -3 + -5 + 3?
-5
(5 - 28 - 2) + 22 - (0 + 11)
-14
What is the value of 9 - (4 + 10) - (7 - (4 + -4))?
-12
Calculate (-2 - (6 + -4 + 3) - -5) + 4.
2
Calculate -6 + (32 - (-3 + 4 - (-8 + 0))).
17
What is the value of (37 - 10) + 6 + -1 + -77 + 65?
20
64 + -61 - (28 + 3)
-28
(23 - -5) + (3 - 22)
9
What is -9 + 1 - (71 + -42 - 19)?
-18
Calculate 36 - (6 - 22 - -49).
3
What is the value of -6 + 11 + 1 - 9 - 7?
-10
What is the value of 1 + (-1 - 5) + -5?
-10
Calculate (-23 - (-48 - -26)) + -3 + (1 - 1).
-4
-26 + 11 + -1 + -6
-22
What is the value of 14 - (9 + -2 + 5)?
2
Evaluate -1 + -3 + (-18 - (-30 - -13)) + -1.
-6
What is the value of (9 + (3 - -1) - 6) + -29?
-22
Calculate -18 + 24 + -58 + 28.
-24
Calculate -6 + -21 + 11 - (-5 - 37).
26
Calculate 1 + 7 + -10 + 6 - 0.
4
What is the value of -6 + (1 - 1) - (285 - 305) - -6?
20
What is the value of 24 + (-10 - (18 - 20))?
16
Evaluate (21 - 8) + -2 + (-5 - -10).
16
Evaluate (2 - 10) + (-12 - -15).
-5
Evaluate (-11 - -5) + -9 + 2.
-13
Calculate 8 + (-1 - 0) - (432 + -417).
-8
What is the value of (2 - 17) + 8 + 4 + 4 + 3?
4
Evaluate -6 - (11 - (-5 + 12)) - (2 + 0).
-12
Calculate (178 - 183) + (0 + -3 - -6 - -3).
1
What is the value of -7 + (11 + -6 + 0 - (-4 + 11))?
-9
Calculate -3 + (-13 - -5) + 16.
5
What is 2 + -10 + 3 + (13 - -2 - -4)?
14
What is the value of 5 + -1 - -3 - (-10 - -6 - 3)?
14
Calculate -18 + 11 - (2 - -9).
-18
-9 + 8 + 10 + -1 + -5 - -15
18
What is the value of 15 + 2 - ((-7 - -9) + (4 - 1))?
12
Evaluate (3 - 8) + 43 + -43.
-5
Evaluate 28 - (-12 + 48) - -21.
13
What is the value of -3 - ((1 - -5) + -14 + 7)?
-2
What is -11 + (-7 - 2 - -13) + -2?
-9
Calculate 3 - (20 - (-3 - (2 + -12))).
-10
Evaluate (8 + 55 - 30) + -18.
15
What is the value of 3 - (-9 - (11 - 11))?
12
What is -45 - ((-28 - -24) + -21)?
-20
What is 34 - ((4 - -25) + -17)?
22
8 + 11 + -7 + 1
13
Calculate 6 + 4 + (-4 - -2) + -8.
0
Evaluate (0 - -43 - 4) + (-33 - -19).
25
What is the value of (-4 - 0) + (-5 - (-16 - -9))?
-2
-3 + (-6 - -10) + -9
-8
Calculate -2 + -24 + -4 + 7 + 5.
-18
3 + ((4 - 1) + 4 - (34 - 28))
4
Calculate (-1 - -3) + -85 + 67 - -46.
30
Evaluate 3 - 40 - (147 + -190).
6
What is 2797 - 2780 - (1 + 4 - 1)?
13
Calculate 17 + -14 - (-7 + 1) - 8.
1
-18 - (-57 - (7 - (13 + 7)))
26
What is -11 - ((-7 - (-8 - -11)) + 15)?
-16
What is -46 + 22 + -8 + 9 + -2?
-25
What is the value of (5 - -3) + (1 - 5)?
4
Calculate (7 + -13 + -5 - -14) + 1 + 1.
5
What is the value of -8 + (-9 - -37) + -39?
-19
Calculate 13 + (-4 - (21 + -27 - (-3 + 0))).
12
What is the value of (-23 - (15 + -5)) + 27?
-6
What is the value of 1 - -1 - (-11 - (-2 - 1 - 15))?
-5
Calculate 24 + -23 + (5 - (3 - 2)).
5
Evaluate -26 + 4 - 4 - (17 + (-32 - -10)).
-21
What is the 